). Let w(l) = -2*l. Let n(d) = c*w(d) + 5*a(d). Give n(5).
-5
Let s(l) = l**3 + l**2. Let i(o) = -7*o**3 - 3*o + 6. Let g(p) = -i(p) - 6*s(p). Suppose -c = c + 112. Let x be (-16)/c - 40/(-7). Determine g(x).
12
Let c = 60 - 21. Let m(j) = -5*j + 2*j + 24 - c + j**2 + 16. Calculate m(5).
11
Let d(k) = 5*k**2 - 3. Let n be ((-2)/3)/((-6)/45). Let p(v) = 6*v**2 - v - 3. Let q(b) = n*d(b) - 4*p(b). Let j be (-17)/4 - (27/4 - 7). Give q(j).
-3
Let g(a) be the third derivative of -a**4/12 - a**3/2 - 2*a**2. Let b be g(-2). Let z(c) = -4*c + 2 + 2 + b + 1. Calculate z(4).
-10
Suppose -5*v + 6*v = -8. Let x = 14 + v. Let z(t) be the first derivative of t**2 - 8*t - 1. What is z(x)?
4
Let w(b) be the first derivative of -b**4/4 - 2*b**3 - 9*b**2/2 - 7*b + 282. Calculate w(-3).
-7
Let x(z) = -6*z - 1. Let d(h) = -2*h**2 + 3*h**2 - 1 + 4*h - 5*h. Let n(p) = -5*p**2 + 14*p + 14. Let m(k) = 6*d(k) + n(k). Let s be m(-7). Give x(s).
-7
Let r(u) = -43*u + 8. Let c be r(0). Let p(s) be the first derivative of s**2/2 - 6*s + 3. Determine p(c).
2
Let d(w) = -w**3 - 13*w**2 + 14*w + 5. Suppose 8*g = p + 11*g + 14, 42 = -3*p - 4*g. Calculate d(p).
5
Let n(c) be the first derivative of c**2/2 + 5*c + 1. Let p be n(-5). Let l(y) = y**2 + 15 + 10 + y - 20. Determine l(p).
5
Let k(h) = 2*h**2 + 4*h - 4. Let u be k(-3). Let r(x) = 5*x - 2 + 1 + 7*x**u - 5*x. Determine r(1).
6
Let w(f) = -4*f - 1. Let o(y) = -4*y - 2. Let r(m) = -4*o(m) + 6*w(m). Suppose -5*v + 196 = -v - q, 0 = 5*q. Let u = 51 - v. Determine r(u).
-14
Let y(f) = -2*f - 37. Suppose m + 0*c + 23 = -c, 3*m = -4*c - 71. Let p be y(m). Let i(z) = -2 - 5 - 4*z + 4 + z**2. Calculate i(p).
2
Let s(n) be the first derivative of -2*n**2 + 4*n - 167. What is s(2)?
-4
Suppose w - 2*o = 0, 5 - 17 = -4*w + 4*o. Let d be 10/3*(-6)/(-5). Let v(u) = 2*u + d*u - 4 + 0*u**2 - u**2. Determine v(w).
-4
Let d = 1 - -1. Let w(g) = 2*g + d*g**2 - g - 2 - 9*g + 2*g**3 + 7*g. Determine w(-2).
-8
Let b(m) = -m**3 + 3*m**2 + 5*m - 4. Suppose 86 - 14 = 8*i. Let z be -4 + i + (-2)/2. What is b(z)?
0
Let u(t) be the first derivative of t**2/2 + 4*t + 94. Calculate u(-5).
-1
Let x be (-46)/11 + (-252)/(-1386). Let j(s) = -s**2 + 2*s + 2. Let o be j(2). Let d(r) = -4 - 5*r + o*r + r. Calculate d(x).
4
Let r(t) = 5*t + 2. Suppose 5*p + 24 = 4*l, p + 18 = 3*l - 0*p. Let x be 13/(-4) + (-6)/8. Let z = x + l. Determine r(z).
12
Let u(c) = -6*c**2 + 2*c. Let f(t) be the third derivative of t**4/24 + 3*t**2. Let x(b) = 2*f(b) - u(b). Let l(d) = d + 11. Let k be l(-10). Calculate x(k).
6
Let u(z) be the second derivative of -z**4/12 + 5*z**3/2 + 3*z**2 - 12*z - 3. Give u(15).
6
Let g = 31 + -22. Let h be (-1)/3 - 30/(-9). Let l(s) = -10 + 2 + g - h*s. Determine l(1).
-2
Let i be (-3)/2*(-100)/15. Suppose 2*r = -i - 2. Let y(o) = -o - 4. Let l(t) = 2*t + 8. Let w(u) = 3*l(u) + 5*y(u). Give w(r).
-2
Let a(d) = -d - 9. Let t be (1562/(-71))/(1*2). What is a(t)?
2
Let d(z) = z**2 + 16*z - 233 - 230 + 477. Calculate d(-15).
-1
Let d(x) = -64*x - 22. Let s(l) = 64*l + 19. Let h(y) = 6*d(y) + 7*s(y). What is h(1)?
65
Let p(j) = -j**2 - 17*j - 36. Suppose -114 = 9*x + 21. Calculate p(x).
-6
Let w(l) = l**2 - 12*l + 27. Let c be w(5). Let k(i) be the third derivative of -i**5/60 - 5*i**4/12 - 11*i**3/6 - 18*i**2. Calculate k(c).
5
Let z(c) = 4*c**2 + c + 5. Let a(r) be the second derivative of -r**4/12 - r**2/2 - 7*r. Let y(o) = -6*a(o) - z(o). Give y(-2).
11
Let u(p) = -9*p**2 + 2*p - 1. Let j be (90/4)/(-9)*4/(-10). Suppose -j = -7*a + 13. Give u(a).
-33
Let h(q) = -3*q - 27. Let c(g) = g**3 - 10*g**2 - 12*g + 3. Let k be c(11). Let t be h(k). Let i(a) = a**2 + 2. Give i(t).
11
Let w(q) be the first derivative of q**3/3 - 5*q**2/2 + 2*q + 109. Let a(z) = 5*z**2 - 20*z + 9. Suppose -y - 27 = 2*y. Let u(n) = y*w(n) + 2*a(n). Give u(-6).
6
Let b(a) = -4*a - 16. Let f(d) = d + 3. Let r(u) = -3*b(u) - 16*f(u). Let j be ((-56)/21)/((-1)/3). Suppose 3*y - 10 = j*y. What is r(y)?
8
Let q(m) = 7*m - 1. Let u(i) = 31*i + 13. Let b(h) = 4*q(h) - u(h). Determine b(-5).
-2
Let t(i) be the first derivative of -6*i + 1/4*i**4 - 4/3*i**3 + 3/2*i**2 + 20. Calculate t(4).
6
Suppose 4*r + 8 + 13 = 3*w, r + w = 0. Let b be 1/(3/7 - (-6)/(-63)). Let i(a) = b*a**2 - 8*a**2 + 7*a - a**3 + 3*a**2 - 3*a. Determine i(r).
-3
Let y(w) = 3 + w - 2 - 6*w - 12*w. What is y(-2)?
35
Suppose 0 = 37*t - 32*t. Let g(f) = t + 2 - 2*f + 5. Calculate g(5).
-3
Let i(b) be the third derivative of -1/60*b**5 + 1/3*b**3 + 7*b**2 + 0 + 1/8*b**4 + 0*b. Give i(3).
2
Let d(f) = f - 3. Let w be (10/(-4))/((-4)/8). Suppose -w*l = 0, -2*t + 2*l + 6 = 4*l. Suppose 8 = -2*i + 4*m + 2, t*m - 9 = 0. Give d(i).
0
Let s(x) = 5*x**3 - 5*x**2 + 6*x - 4. Let k be (2/(-6))/(2*(-3)/18). Let m(a) = -a**3. Let z(u) = k*s(u) + 4*m(u). Calculate z(4).
4
Let t(z) = 2*z**2 + 2*z - 2. Suppose 0 = 6*h - h + 3*y + 50, 0 = 3*h - 2*y + 11. Let g(u) = u**2 + 8*u + 4. Let q be g(h). Calculate t(q).
10
Let c(v) be the first derivative of -v - 1/2*v**2 + 24 - v**3. What is c(2)?
-15
Let x(y) = -y**2 - y. Let g be (-18)/45*(-10 + -4 + 4). Determine x(g).
-20
Let g be (-6)/(20/(-10)*3). Let i(s) = -3*s**2 + 4*s - 3. What is i(g)?
-2
Let c be ((-2)/7)/(2/14). Let j(h) = 9*h**2 - 4*h - 1. Let o(m) = 4*m**2 - 2*m - 1. Let u(q) = 2*j(q) - 5*o(q). Calculate u(c).
-9
Let m(h) be the first derivative of h**2/2 - h - 93. Determine m(5).
4
Let g(h) = -6*h**2 - 6 + 7*h**2 - h**2 - h**2 - 8*h. Determine g(-5).
9
Let x be ((-1)/2)/((-11)/110). Let t(b) = -5 - b**3 - 2*b**3 - b + 3*b**2 + x. What is t(2)?
-14
Let x = -163 - -130. Let d = -35 - x. Let f(b) = 5*b**2 + 3*b + 3. Calculate f(d).
17
Let t(o) = 829 + 2*o - 827 + o**2 + 2*o. Determine t(-3).
-1
Let i(p) = -p**2 - 4*p - 2. Let f be i(-3). Let c(x) = -f - 1 - 3 + 3 + 3*x. What is c(4)?
10
Suppose -3*w = 4*y - 2*y + 2, 0 = 4*w + 4*y + 8. Let i(l) = -2*l**3 + 2*l**2 + 3*l - 2. What is i(w)?
-4
Let m(o) = -o**3 + 17*o**2 + 14*o + 79. Let f be m(18). Let r(w) = w**3 - 6*w**2 - 7*w. Calculate r(f).
0
Let j(u) = u**2 + 4*u - 3. Let v(o) = -o**2 + 18*o - 7. Let l be v(16). Let y = -31 + l. Give j(y).
9
Let n(q) = q**2 + q. Suppose 3 = 2*y + 5, -5*w - 8 = 3*y. Let a be n(w). Let g(l) = 2 - l + 0*l - 1 + a*l. What is g(3)?
-2
Let y(c) be the second derivative of 4*c**3/3 + 2*c**2 + 14*c - 13. Calculate y(2).
20
Let s(z) be the first derivative of z**4/4 + 5*z**3/3 - 5*z**2/2 + 4*z + 2. Let p be (7/14)/(1/4). Suppose -8 = 3*y + 2*k, 36 - 2 = -4*y + p*k. Give s(y).
-2
Let l(p) = p**3 - 4*p**2 + p - 5. Suppose -2 = 4*c + 3*d - 8, 4 = -c + 2*d. Suppose 3*k + 0*k + 9 = 3*z, 4*k - 4 = c. Give l(z).
-1
Let r(d) = -d**2 - 5*d + 3. Suppose 2*z + 2*z = 8. Let o(j) = 3*j**2 + 4. Let l be o(z). Let h = -20 + l. Determine r(h).
7
Let o(c) = c. Let n(m) = 5*m. Suppose 0 = -4*q - 10*x + 5*x + 151, q - 3*x - 25 = 0. Let j(b) = q*o(b) - 6*n(b). Determine j(3).
12
Let p(j) = 3*j**2 - 2*j + 1. Let a be (-3)/(-3) - (-4)/(-1) - -4. Calculate p(a).
2
Let q(p) = -p**3 + 39*p**2 - 1. Let u be q(39). Let k(b) = 13*b**2 - 2*b - 1. Determine k(u).
14
Let h(n) = -9*n**2 - n - 1. Suppose 10*x = 2*q + 8*x - 4, 4*x + 11 = q. What is h(q)?
-9
Let k(j) = -j + 7. Let w be k(5). Let t(r) = 2*r - 8*r + r**w + 2*r + 3 - 2*r**2. Let p be (3 + 2 - 2)/(-1). Give t(p).
6
Let s(o) = o**2 - 7*o + 7. Let m be 30/(-4)*60/(-50). Suppose 0 = -m*y + 4*y. Let t be (11 + -10)*(y - -5). What is s(t)?
-3
Suppose 21*i + 7*i - 168 = 0. Let m(u) = -u**2 + 5*u + 8. Calculate m(i).
2
Let w(g) be the second derivative of 7*g**3/6 + 9*g**2/2 - 206*g. Determine w(-1).
2
Let d(s) be the first derivative of s**3/3 + 5*s**2/2 + 3*s + 1. Let r be 3/((-6)/(-32)) + -3. Let n = -16 + r. Give d(n).
-3
Let v(p) = -5*p**3 + 29*p**2 - 17*p - 38. Let z(m) = 2*m**3 - 14*m**2 + 9*m + 15. Let s(o) = -3*v(o) - 7*z(o). What is s(-12)?
9
Let x(m) be the second derivative of -m**3/6 + 21*m**2/2 + 6*m. Let b be x(24). Let f(d) = 0 + d**2 + 2*d - 2 - 2. Determine f(b).
-1
Let o(k) be the third derivative of -k**6/120 - k**5/12 + 7*k**4/24 + k**3/2 + 20*k**2 + k. Calculate o(-5).
-32
Let j(r) = 9. Let o(s) = -s + 35. Let v(d) = -7*j(d) + 2*o(d). Give v(3).
1
Suppose -898 + 878 = 4*i. Let m(o) = 3*o. What is m(i)?
-15
Let o(y) = 1 - 1 - 7 - y. Let l = -487 + 482. 